{"id":4108,"date":"2026-01-23T14:27:36","date_gmt":"2026-01-23T13:27:36","guid":{"rendered":"https:\/\/meuh-factory.com\/?post_type=product&#038;p=4108"},"modified":"2026-01-23T14:29:18","modified_gmt":"2026-01-23T13:29:18","slug":"vg-sweat-ivory-copie","status":"publish","type":"product","link":"https:\/\/meuh-factory.com\/?product=vg-sweat-ivory-copie","title":{"rendered":"VG- T-shirt Natural"},"content":{"rendered":"<h3><strong>Imprim\u00e9 \u00e0 Bruxelles, pour un style unique et durable<\/strong><\/h3>\n<p data-sourcepos=\"25:1-25:495\">D\u00e9couvrez la gamme de textile Padel VG, con\u00e7ue et imprim\u00e9e \u00e0 Uccle par <strong>Meuh Shop<\/strong>. Chaque sweat est une pi\u00e8ce unique, r\u00e9alis\u00e9e avec des mat\u00e9riaux de qualit\u00e9 sup\u00e9rieure et des encres \u00e9cologiques. En choisissant nos produits, vous soutenez une production locale et responsable, et vous vous offrez un v\u00eatement confortable et styl\u00e9.<\/p>\n","protected":false},"excerpt":{"rendered":"<div class=\"pim-row\">Mati\u00e8re principale :<\/div>\n<div class=\"pim-row\">Jersey<\/div>\n<div class=\"pim-row\">100% Coton bio fil\u00e9 et peign\u00e9<\/div>\n<div>Bande de propret\u00e9 int\u00e9rieur col<\/div>\n<div>Coutures lat\u00e9rales<\/div>\n<div class=\"pim-row\">Textile pr\u00e9-lav\u00e9<\/div>\n<div>180 G\/M\u00b2<\/div>\n","protected":false},"featured_media":4095,"template":"","meta":[],"product_brand":[],"product_cat":[147],"product_tag":[],"class_list":{"0":"post-4108","1":"product","2":"type-product","3":"status-publish","4":"has-post-thumbnail","6":"product_cat-padel-vg","8":"first","9":"instock","10":"taxable","11":"shipping-taxable","12":"purchasable","13":"product-type-variable","14":"has-default-attributes","15":"layout-style-6","16":"col-md-4 col-sm-4 col-xs-6","17":"col-lg-3","18":"product-has-gallery","19":"product-style-slider"},"_links":{"self":[{"href":"https:\/\/meuh-factory.com\/index.php?rest_route=\/wp\/v2\/product\/4108","targetHints":{"allow":["GET"]}}],"collection":[{"href":"https:\/\/meuh-factory.com\/index.php?rest_route=\/wp\/v2\/product"}],"about":[{"href":"https:\/\/meuh-factory.com\/index.php?rest_route=\/wp\/v2\/types\/product"}],"wp:featuredmedia":[{"embeddable":true,"href":"https:\/\/meuh-factory.com\/index.php?rest_route=\/wp\/v2\/media\/4095"}],"wp:attachment":[{"href":"https:\/\/meuh-factory.com\/index.php?rest_route=%2Fwp%2Fv2%2Fmedia&parent=4108"}],"wp:term":[{"taxonomy":"product_brand","embeddable":true,"href":"https:\/\/meuh-factory.com\/index.php?rest_route=%2Fwp%2Fv2%2Fproduct_brand&post=4108"},{"taxonomy":"product_cat","embeddable":true,"href":"https:\/\/meuh-factory.com\/index.php?rest_route=%2Fwp%2Fv2%2Fproduct_cat&post=4108"},{"taxonomy":"product_tag","embeddable":true,"href":"https:\/\/meuh-factory.com\/index.php?rest_route=%2Fwp%2Fv2%2Fproduct_tag&post=4108"}],"curies":[{"name":"wp","href":"https:\/\/api.w.org\/{rel}","templated":true}]}}